{"id":127,"date":"2025-03-13T15:15:01","date_gmt":"2025-03-13T14:15:01","guid":{"rendered":"https:\/\/senioryoga.fr\/?page_id=127"},"modified":"2026-03-25T14:59:08","modified_gmt":"2026-03-25T13:59:08","slug":"cours-a-domicile-ou-en-groupe","status":"publish","type":"page","link":"https:\/\/senioryoga.fr\/index.php\/cours-a-domicile-ou-en-groupe\/","title":{"rendered":"Cours \u00e0 domicile ou en groupe"},"content":{"rendered":"\n<div class=\"wp-block-group alignfull has-accent-2-background-color has-background has-global-padding is-layout-constrained wp-container-core-group-is-layout-669513ed wp-block-group-is-layout-constrained\" style=\"margin-top:0;margin-bottom:0;padding-top:var(--wp--preset--spacing--50);padding-right:var(--wp--preset--spacing--50);padding-bottom:var(--wp--preset--spacing--50);padding-left:var(--wp--preset--spacing--50)\">\n<div class=\"wp-block-group alignfull has-base-background-color has-background has-global-padding is-layout-constrained wp-container-core-group-is-layout-d89aad35 wp-block-group-is-layout-constrained\" style=\"margin-top:0;margin-bottom:0;padding-top:var(--wp--preset--spacing--50);padding-right:var(--wp--preset--spacing--50);padding-bottom:var(--wp--preset--spacing--50);padding-left:var(--wp--preset--spacing--50)\">\n<div class=\"wp-block-columns alignwide is-layout-flex wp-container-core-columns-is-layout-549b0c86 wp-block-columns-is-layout-flex\">\n<div class=\"wp-block-column has-global-padding is-content-justification-left is-layout-constrained wp-container-core-column-is-layout-4f15e8fe wp-block-column-is-layout-constrained\" style=\"flex-basis:40%\">\n<p class=\"has-large-font-size\">Cours collectifs Senior <em>(\u00e0 partir de deux personnes)<\/em><\/p>\n\n\n\n<p><\/p>\n\n\n\n<figure class=\"wp-block-image size-large\"><img alt=\"\" loading=\"lazy\" decoding=\"async\" width=\"1024\" height=\"768\" src=\"http:\/\/senioryoga.fr\/wp-content\/uploads\/2026\/01\/1000175921-1024x768.jpg\" alt=\"\" class=\"wp-image-181\" srcset=\"https:\/\/senioryoga.fr\/wp-content\/uploads\/2026\/01\/1000175921-1024x768.jpg 1024w, https:\/\/senioryoga.fr\/wp-content\/uploads\/2026\/01\/1000175921-300x225.jpg 300w, https:\/\/senioryoga.fr\/wp-content\/uploads\/2026\/01\/1000175921-768x576.jpg 768w, https:\/\/senioryoga.fr\/wp-content\/uploads\/2026\/01\/1000175921-1536x1152.jpg 1536w, https:\/\/senioryoga.fr\/wp-content\/uploads\/2026\/01\/1000175921-2048x1536.jpg 2048w\" sizes=\"auto, (max-width: 1024px) 100vw, 1024px\" \/><\/figure>\n<\/div>\n\n\n\n<div class=\"wp-block-column is-layout-flow wp-container-core-column-is-layout-119bc444 wp-block-column-is-layout-flow\" style=\"flex-basis:60%\">\n<p class=\"has-heading-font-family has-large-font-size\" style=\"line-height:1.2\">Cours en pr\u00e9sentiel en salle<\/p>\n\n\n\n<p><strong>5 place de Trion &#8211; St Just &#8211; Lyon 5<\/strong> (Yin Side Yoga Studio)<\/p>\n\n\n\n<p><strong>Lundi et Vendredi 10h <\/strong><\/p>\n\n\n\n<p class=\"has-medium-font-size\">Exercices respiratoires, \u00e9chauffement, travail des articulations, travail des muscles, relaxation. Travail de l&#8217;\u00e9quilibre, du maintien de l&#8217;autonomie, de la tonicit\u00e9 musculaire et articulaire. <\/p>\n\n\n\n<p class=\"has-medium-font-size\">Cours sur tapis ou sur chaise, utilisation de support type chaise et mur si besoin.<\/p>\n\n\n\n<div class=\"wp-block-buttons is-layout-flex wp-block-buttons-is-layout-flex\">\n<div class=\"wp-block-button\"><a class=\"wp-block-button__link wp-element-button\" href=\"https:\/\/senioryoga.fr\/index.php\/contact\/\">RESERVER un cours d&#8217;essai<\/a><\/div>\n<\/div>\n<\/div>\n<\/div>\n<\/div>\n\n\n\n<div class=\"wp-block-columns alignwide is-layout-flex wp-container-core-columns-is-layout-28f84493 wp-block-columns-is-layout-flex\">\n<div class=\"wp-block-column is-layout-flow wp-block-column-is-layout-flow\" style=\"flex-basis:40%\">\n<p class=\"has-large-font-size\">Cours \u00e0 domicile Senior<\/p>\n\n\n\n<figure class=\"wp-block-image size-large is-resized\"><img alt=\"\" loading=\"lazy\" decoding=\"async\" width=\"1024\" height=\"768\" src=\"https:\/\/senioryoga.fr\/wp-content\/uploads\/2026\/03\/5eb9d7b6-22a6-475a-a7be-7d386000d604-1-1024x768.jpg\" alt=\"\" class=\"wp-image-217\" style=\"width:295px;height:auto\" srcset=\"https:\/\/senioryoga.fr\/wp-content\/uploads\/2026\/03\/5eb9d7b6-22a6-475a-a7be-7d386000d604-1-1024x768.jpg 1024w, https:\/\/senioryoga.fr\/wp-content\/uploads\/2026\/03\/5eb9d7b6-22a6-475a-a7be-7d386000d604-1-300x225.jpg 300w, https:\/\/senioryoga.fr\/wp-content\/uploads\/2026\/03\/5eb9d7b6-22a6-475a-a7be-7d386000d604-1-768x576.jpg 768w, https:\/\/senioryoga.fr\/wp-content\/uploads\/2026\/03\/5eb9d7b6-22a6-475a-a7be-7d386000d604-1-1536x1152.jpg 1536w, https:\/\/senioryoga.fr\/wp-content\/uploads\/2026\/03\/5eb9d7b6-22a6-475a-a7be-7d386000d604-1.jpg 1600w\" sizes=\"auto, (max-width: 1024px) 100vw, 1024px\" \/><\/figure>\n<\/div>\n\n\n\n<div class=\"wp-block-column is-layout-flow wp-block-column-is-layout-flow\" style=\"flex-basis:60%\">\n<p class=\"has-large-font-size\">Cours individuel de 45 minutes<\/p>\n\n\n\n<p class=\"has-medium-font-size\">Exercices respiratoires, \u00e9chauffement, travail des articulations, travail des muscles, relaxation.<\/p>\n\n\n\n<p class=\"has-medium-font-size\">Adaptation individualis\u00e9e des exercices en fonction du degr\u00e9 de mobilit\u00e9, des points d\u2019inconfort, des envies de la personne.<\/p>\n\n\n\n<p class=\"has-medium-font-size\">Travail de l&#8217;\u00e9quilibre, du maintien de l&#8217;autonomie.<\/p>\n\n\n\n<p class=\"has-medium-font-size\">Utilisation de support chaise, mur, table\u2026 si besoin<\/p>\n\n\n\n<figure class=\"wp-block-image aligncenter size-large is-resized\"><img alt=\"\" loading=\"lazy\" decoding=\"async\" width=\"1024\" height=\"768\" src=\"https:\/\/senioryoga.fr\/wp-content\/uploads\/2025\/09\/20250620_103615-1024x768.jpg\" alt=\"\" class=\"wp-image-176\" style=\"width:319px;height:auto\" srcset=\"https:\/\/senioryoga.fr\/wp-content\/uploads\/2025\/09\/20250620_103615-1024x768.jpg 1024w, https:\/\/senioryoga.fr\/wp-content\/uploads\/2025\/09\/20250620_103615-300x225.jpg 300w, https:\/\/senioryoga.fr\/wp-content\/uploads\/2025\/09\/20250620_103615-768x576.jpg 768w, https:\/\/senioryoga.fr\/wp-content\/uploads\/2025\/09\/20250620_103615-1536x1152.jpg 1536w, https:\/\/senioryoga.fr\/wp-content\/uploads\/2025\/09\/20250620_103615-2048x1536.jpg 2048w\" sizes=\"auto, (max-width: 1024px) 100vw, 1024px\" \/><\/figure>\n<\/div>\n<\/div>\n<\/div>\n\n\n\n<p class=\"has-text-align-center\">Envie d&#8217;en savoir plus?<\/p>\n\n\n\n<div class=\"wp-block-buttons is-content-justification-center is-layout-flex wp-container-core-buttons-is-layout-a89b3969 wp-block-buttons-is-layout-flex\">\n<div class=\"wp-block-button\"><a class=\"wp-block-button__link wp-element-button\" href=\"https:\/\/senioryoga.fr\/index.php\/contact\/\">Reserver un cours d&#8217;essai<\/a><\/div>\n<\/div>\n\n\n\n<p><\/p>\n","protected":false},"excerpt":{"rendered":"<p>Cours collectifs Senior (\u00e0 partir de deux personnes) Cours en pr\u00e9sentiel en salle 5 place de Trion &#8211; St Just &#8211; Lyon 5 (Yin Side Yoga Studio) Lundi et Vendredi 10h Exercices respiratoires, \u00e9chauffement, travail des articulations, travail des muscles, relaxation. Travail de l&#8217;\u00e9quilibre, du maintien de l&#8217;autonomie, de la tonicit\u00e9 musculaire et articulaire. Cours [&hellip;]<\/p>\n","protected":false},"author":1,"featured_media":0,"parent":0,"menu_order":0,"comment_status":"closed","ping_status":"closed","template":"","meta":{"_seopress_robots_primary_cat":"","_seopress_titles_title":"","_seopress_titles_desc":"","_seopress_robots_index":"","footnotes":""},"class_list":["post-127","page","type-page","status-publish","hentry"],"_links":{"self":[{"href":"https:\/\/senioryoga.fr\/index.php\/wp-json\/wp\/v2\/pages\/127","targetHints":{"allow":["GET"]}}],"collection":[{"href":"https:\/\/senioryoga.fr\/index.php\/wp-json\/wp\/v2\/pages"}],"about":[{"href":"https:\/\/senioryoga.fr\/index.php\/wp-json\/wp\/v2\/types\/page"}],"author":[{"embeddable":true,"href":"https:\/\/senioryoga.fr\/index.php\/wp-json\/wp\/v2\/users\/1"}],"replies":[{"embeddable":true,"href":"https:\/\/senioryoga.fr\/index.php\/wp-json\/wp\/v2\/comments?post=127"}],"version-history":[{"count":11,"href":"https:\/\/senioryoga.fr\/index.php\/wp-json\/wp\/v2\/pages\/127\/revisions"}],"predecessor-version":[{"id":219,"href":"https:\/\/senioryoga.fr\/index.php\/wp-json\/wp\/v2\/pages\/127\/revisions\/219"}],"wp:attachment":[{"href":"https:\/\/senioryoga.fr\/index.php\/wp-json\/wp\/v2\/media?parent=127"}],"curies":[{"name":"wp","href":"https:\/\/api.w.org\/{rel}","templated":true}]}}